{"id":558,"date":"2022-07-25T10:35:48","date_gmt":"2022-07-25T13:35:48","guid":{"rendered":"https:\/\/lealta.com.br\/landingpages\/sdm\/?page_id=558"},"modified":"2023-10-20T15:15:05","modified_gmt":"2023-10-20T18:15:05","slug":"home","status":"publish","type":"page","link":"https:\/\/lealta.com.br\/landingpages\/bd_industria\/","title":{"rendered":"HOME"},"content":{"rendered":"\n\n  <div class=\"banner has-hover has-video is-full-height\" id=\"banner-657252226\">\n          <div class=\"banner-inner fill\">\n        <div class=\"banner-bg fill\" >\n            <div class=\"bg fill bg-fill \"><\/div>\n            \t<div class=\"video-overlay no-click fill visible\"><\/div>\n\t<video class=\"video-bg fill visible\" preload playsinline autoplay muted loop>\n\t\t<source src=\"https:\/\/lealta.com.br\/landingpages\/bd_industria\/video\/home-02.mp4\" type=\"video\/mp4\">\t<\/video>\n            <div class=\"overlay\"><\/div>            \n                    <\/div>\n\t\t\n        <div class=\"banner-layers container\">\n            <div class=\"fill banner-link\"><\/div>            \n\n   <div id=\"text-box-1562606442\" class=\"text-box banner-layer x50 md-x50 lg-x50 y90 md-y75 lg-y75 res-text\">\n                                <div class=\"text-box-content text dark text-shadow-2\">\n              \n              <div class=\"text-inner text-left\">\n                  \n\n\t<div id=\"text-1393953338\" class=\"text\">\n\t\t\n\n<h1 style=\"text-align: center !important;\"><span style=\"font-size: 130%;\">Microbiologia Industrial BD<\/span><\/h1>\n<p style=\"text-align: center !important;\"><span style=\"font-size: 120%;\">Fundada em 1895, como parte da BD Difco\u2122, as solu\u00e7\u00f5es para Microbiologia Industrial da BD vieram para ajudar as empresas a realizarem <span style=\"color: #ff9900;\"><strong>controle de monitoramento ambiental, testes de esterilidade, biocarga, testes de produtos n\u00e3o est\u00e9reis e identifica\u00e7\u00e3o microbiana. <\/strong><\/span><\/span><\/p>\n\n\t\t\n<style>\n#text-1393953338 {\n  text-align: center;\n}\n<\/style>\n\t<\/div>\n\t\n\t<div id=\"gap-1592855448\" class=\"gap-element clearfix\" style=\"display:block; height:auto;\">\n\t\t\n<style>\n#gap-1592855448 {\n  padding-top: 40px;\n}\n<\/style>\n\t<\/div>\n\t\n\n<div class=\"row row-small align-equal align-center\"  id=\"row-1201164884\">\n\n\n\t<div id=\"col-164549409\" class=\"col medium-4 small-12 large-4\"  >\n\t\t\t\t<div class=\"col-inner text-left box-shadow-3 box-shadow-5-hover text-shadow-1 dark\" style=\"background-color:rgb(29, 116, 255);\" >\n\t\t\t\n\t\t\t\n\n\t<div id=\"text-2254127719\" class=\"text\">\n\t\t\n\n<p style=\"text-align: center !important;\"><span style=\"color: #ffffff; font-size: 100%;\"><a style=\"color: #ffffff;\" href=\"https:\/\/lealta.com.br\/landingpages\/bd_industria\/farmaceuticas\/\"><strong>Ind\u00fastrias Farmac\u00eauticas<\/strong><\/a><\/span><\/p>\n\t\t\n<style>\n#text-2254127719 {\n  text-align: center;\n}\n<\/style>\n\t<\/div>\n\t\n\n\t\t<\/div>\n\t\t\t\t\n<style>\n#col-164549409 > .col-inner {\n  padding: 17px 0px 0px 0px;\n  border-radius: 15px;\n}\n<\/style>\n\t<\/div>\n\n\t\n\n\t<div id=\"col-1180367243\" class=\"col medium-4 small-12 large-4\"  >\n\t\t\t\t<div class=\"col-inner text-left box-shadow-3 box-shadow-5-hover dark\" style=\"background-color:rgb(232, 80, 80);\" >\n\t\t\t\n\t\t\t\n\n\t<div id=\"text-1486210641\" class=\"text\">\n\t\t\n\n<p style=\"text-align: center !important;\"><span style=\"color: #ffffff; font-size: 100%;\"><a style=\"color: #ffffff;\" href=\"https:\/\/lealta.com.br\/landingpages\/bd_industria\/hemocentros-e-bancos-de-sangue\/\"><strong>Hemocentros e Bancos de Sangue<\/strong><\/a><\/span><\/p>\n\t\t\n<style>\n#text-1486210641 {\n  text-align: center;\n}\n<\/style>\n\t<\/div>\n\t\n\n\t\t<\/div>\n\t\t\t\t\n<style>\n#col-1180367243 > .col-inner {\n  padding: 16px 0px 0px 0px;\n  border-radius: 15px;\n}\n<\/style>\n\t<\/div>\n\n\t\n\n\t<div id=\"col-610955603\" class=\"col medium-4 small-12 large-4\"  >\n\t\t\t\t<div class=\"col-inner text-left box-shadow-3 box-shadow-5-hover dark\" style=\"background-color:rgb(0, 156, 127);\" >\n\t\t\t\n\t\t\t\n\n\t<div id=\"text-42152562\" class=\"text\">\n\t\t\n\n<p style=\"text-align: center !important;\"><span style=\"color: #ffffff; font-size: 100%;\"><a style=\"color: #ffffff;\" href=\"https:\/\/lealta.com.br\/landingpages\/bd_industria\/alimentos-bebidas-e-lacteos\/\"><strong>Ind\u00fastria de Alimentos, <br \/>Bebidas e L\u00e1cteos<\/strong><\/a><\/span><\/p>\n\t\t\n<style>\n#text-42152562 {\n  text-align: center;\n}\n<\/style>\n\t<\/div>\n\t\n\n\t\t<\/div>\n\t\t\t\t\n<style>\n#col-610955603 > .col-inner {\n  border-radius: 15px;\n}\n<\/style>\n\t<\/div>\n\n\t\n\n\t<div id=\"col-857594202\" class=\"col medium-4 small-12 large-4\"  >\n\t\t\t\t<div class=\"col-inner text-left box-shadow-3 box-shadow-5-hover dark\" style=\"background-color:rgb(145, 153, 216);\" >\n\t\t\t\n\t\t\t\n\n\t<div id=\"text-1268303572\" class=\"text\">\n\t\t\n\n<p style=\"text-align: center !important;\"><span style=\"color: #ffffff; font-size: 100%;\"><a style=\"color: #ffffff;\" href=\"https:\/\/lealta.com.br\/landingpages\/bd_industria\/personal-care\/\"><strong>Produtos cosm\u00e9ticos e de Higiene<br \/>\n(Personal Care)<\/strong><\/a><\/span><\/p>\n\t\t\n<style>\n#text-1268303572 {\n  text-align: center;\n}\n<\/style>\n\t<\/div>\n\t\n\n\t\t<\/div>\n\t\t\t\t\n<style>\n#col-857594202 > .col-inner {\n  border-radius: 15px;\n}\n<\/style>\n\t<\/div>\n\n\t\n\n\t<div id=\"col-1292929612\" class=\"col medium-4 small-12 large-4\"  >\n\t\t\t\t<div class=\"col-inner text-left box-shadow-3 box-shadow-5-hover dark\" style=\"background-color:rgb(255, 157, 0);\" >\n\t\t\t\n\t\t\t\n\n\t<div id=\"text-1207152461\" class=\"text\">\n\t\t\n\n<p style=\"text-align: center !important;\"><span style=\"color: #ffffff; font-size: 100%;\"><a style=\"color: #ffffff;\" href=\"https:\/\/lealta.com.br\/landingpages\/bd_industria\/produtos-veterinarios-2\/\"><strong>Produtos Veterin\u00e1rios<\/strong><\/a><\/span><\/p>\n\t\t\n<style>\n#text-1207152461 {\n  text-align: center;\n}\n<\/style>\n\t<\/div>\n\t\n\n\t\t<\/div>\n\t\t\t\t\n<style>\n#col-1292929612 > .col-inner {\n  padding: 17px 0px 0px 0px;\n  border-radius: 15px;\n}\n<\/style>\n\t<\/div>\n\n\t\n\n<\/div>\n\n              <\/div>\n           <\/div>\n                            \n<style>\n#text-box-1562606442 {\n  width: 87%;\n}\n#text-box-1562606442 .text-box-content {\n  font-size: 100%;\n}\n@media (min-width:550px) {\n  #text-box-1562606442 {\n    width: 94%;\n  }\n}\n<\/style>\n    <\/div>\n \n\n        <\/div>\n      <\/div>\n\n            \n<style>\n#banner-657252226 {\n  padding-top: 100%;\n  background-color: rgb(6, 10, 61);\n}\n#banner-657252226 .overlay {\n  background-color: rgba(6, 10, 61, 0.669);\n}\n<\/style>\n  <\/div>\n\n\n\n","protected":false},"excerpt":{"rendered":"","protected":false},"author":1,"featured_media":0,"parent":0,"menu_order":0,"comment_status":"closed","ping_status":"closed","template":"page-blank.php","meta":{"inline_featured_image":false,"footnotes":""},"class_list":["post-558","page","type-page","status-publish","hentry"],"_links":{"self":[{"href":"https:\/\/lealta.com.br\/landingpages\/bd_industria\/wp-json\/wp\/v2\/pages\/558","targetHints":{"allow":["GET"]}}],"collection":[{"href":"https:\/\/lealta.com.br\/landingpages\/bd_industria\/wp-json\/wp\/v2\/pages"}],"about":[{"href":"https:\/\/lealta.com.br\/landingpages\/bd_industria\/wp-json\/wp\/v2\/types\/page"}],"author":[{"embeddable":true,"href":"https:\/\/lealta.com.br\/landingpages\/bd_industria\/wp-json\/wp\/v2\/users\/1"}],"replies":[{"embeddable":true,"href":"https:\/\/lealta.com.br\/landingpages\/bd_industria\/wp-json\/wp\/v2\/comments?post=558"}],"version-history":[{"count":49,"href":"https:\/\/lealta.com.br\/landingpages\/bd_industria\/wp-json\/wp\/v2\/pages\/558\/revisions"}],"predecessor-version":[{"id":1516,"href":"https:\/\/lealta.com.br\/landingpages\/bd_industria\/wp-json\/wp\/v2\/pages\/558\/revisions\/1516"}],"wp:attachment":[{"href":"https:\/\/lealta.com.br\/landingpages\/bd_industria\/wp-json\/wp\/v2\/media?parent=558"}],"curies":[{"name":"wp","href":"https:\/\/api.w.org\/{rel}","templated":true}]}}