{"id":1342,"date":"2023-07-25T10:26:37","date_gmt":"2023-07-25T13:26:37","guid":{"rendered":"https:\/\/lealta.com.br\/landingpages\/bd_industria\/?post_type=product&#038;p=1342"},"modified":"2023-10-30T15:45:47","modified_gmt":"2023-10-30T18:45:47","slug":"bd-kiestra-reada","status":"publish","type":"product","link":"https:\/\/lealta.com.br\/landingpages\/bd_industria\/produto\/bd-kiestra-reada\/","title":{"rendered":"BD Kiestra\u2122 ReadA"},"content":{"rendered":"\t<div id=\"gap-727602429\" class=\"gap-element clearfix\" style=\"display:block; height:auto;\">\n\t\t\n<style>\n#gap-727602429 {\n  padding-top: 50px;\n}\n<\/style>\n\t<\/div>\n\t\n<h1 style=\"text-align: left;\"><span style=\"font-size: 115%;\">Melhore o crescimento bacteriano padronizando os tempos e condi\u00e7\u00f5es de incuba\u00e7\u00e3o com o\u00a0BD Kiestra\u2122 ReadA que pode <strong>aumentar o isolamento bacteriano* em 31%<\/strong> em compara\u00e7\u00e3o com a Microbiologia Tradicional.<sup>1<\/sup><\/span><\/h1>\n\t<div id=\"gap-906993321\" class=\"gap-element clearfix\" style=\"display:block; height:auto;\">\n\t\t\n<style>\n#gap-906993321 {\n  padding-top: 50px;\n}\n<\/style>\n\t<\/div>\n\t\n<div class=\"row align-middle\"  id=\"row-32237186\">\n\n\t<div id=\"col-1362481034\" class=\"col medium-3 small-12 large-3\"  >\n\t\t\t\t<div class=\"col-inner\"  >\n\t\t\t\n\t\t\t\n\t<div class=\"img has-hover x md-x lg-x y md-y lg-y\" id=\"image_226125850\">\n\t\t\t\t\t\t\t\t<div class=\"img-inner dark\" >\n\t\t\t<img loading=\"lazy\" decoding=\"async\" width=\"1020\" height=\"783\" src=\"https:\/\/lealta.com.br\/landingpages\/bd_industria\/wp-content\/uploads\/2023\/07\/Asset-1@2x-1024x786.png\" class=\"attachment-large size-large\" alt=\"\" srcset=\"https:\/\/lealta.com.br\/landingpages\/bd_industria\/wp-content\/uploads\/2023\/07\/Asset-1@2x-1024x786.png 1024w, https:\/\/lealta.com.br\/landingpages\/bd_industria\/wp-content\/uploads\/2023\/07\/Asset-1@2x-300x230.png 300w, https:\/\/lealta.com.br\/landingpages\/bd_industria\/wp-content\/uploads\/2023\/07\/Asset-1@2x-768x589.png 768w, https:\/\/lealta.com.br\/landingpages\/bd_industria\/wp-content\/uploads\/2023\/07\/Asset-1@2x-600x460.png 600w, https:\/\/lealta.com.br\/landingpages\/bd_industria\/wp-content\/uploads\/2023\/07\/Asset-1@2x.png 1516w\" sizes=\"auto, (max-width: 1020px) 100vw, 1020px\" \/>\t\t\t\t\t\t\n\t\t\t\t\t<\/div>\n\t\t\t\t\t\t\t\t\n<style>\n#image_226125850 {\n  width: 100%;\n}\n<\/style>\n\t<\/div>\n\t\n\t\t<\/div>\n\t\t\t\t\t<\/div>\n\n\t\n\n\t<div id=\"col-1318305504\" class=\"col medium-9 small-12 large-9\"  >\n\t\t\t\t<div class=\"col-inner\"  >\n\t\t\t\n\t\t\t\n\t<div id=\"text-3129655723\" class=\"text\">\n\t\t\n<ul>\n<li><span style=\"font-size: 130%;\">Melhore a efici\u00eancia operacional ao longo do tempo at\u00e9 o resultado.<\/span><\/li>\n<li><span style=\"font-size: 130%;\">Tenha condi\u00e7\u00f5es de incuba\u00e7\u00e3o constantes, usando um ambiente fechado, o que aumenta o crescimento de todas as bact\u00e9rias, incluindo organismos raramente isolados.<sup>1<\/sup><\/span><\/li>\n<li><span style=\"font-size: 130%;\">Mais flexibilidade para configurar protocolos de incuba\u00e7\u00e3o de acordo com seus Procedimentos Operacionais Padr\u00e3o<\/span><\/li>\n<\/ul>\n\t\t\n<style>\n#text-3129655723 {\n  text-align: left;\n}\n<\/style>\n\t<\/div>\n\t\n\t\t<\/div>\n\t\t\t\t\t<\/div>\n\n\t\n<\/div>\n\t<div id=\"gap-226702213\" class=\"gap-element clearfix\" style=\"display:block; height:auto;\">\n\t\t\n<style>\n#gap-226702213 {\n  padding-top: 52px;\n}\n<\/style>\n\t<\/div>\n\t\n<div class=\"row row-large align-equal align-center\"  id=\"row-1986372455\">\n\n\t<div id=\"col-470210309\" class=\"col medium-6 small-12 large-6\"  >\n\t\t\t\t<div class=\"col-inner box-shadow-2 box-shadow-3-hover\" style=\"background-color:rgb(237, 237, 237);\" >\n\t\t\t\n\t<div class=\"is-border\"\n\t\tstyle=\"border-color:rgb(0, 59, 255);border-radius:45px;border-width:4px 4px 4px 4px;\">\n\t<\/div>\n\t\t\t\n\t<div class=\"box has-hover   has-hover box-text-bottom\" >\n\n\t\t<div class=\"box-image\" style=\"width:50%;\">\n\t\t\t\t\t\t<div class=\"\" >\n\t\t\t\t<img loading=\"lazy\" decoding=\"async\" width=\"275\" height=\"275\" src=\"https:\/\/lealta.com.br\/landingpages\/bd_industria\/wp-content\/uploads\/2023\/07\/555@2x.png\" class=\"attachment- size-\" alt=\"\" srcset=\"https:\/\/lealta.com.br\/landingpages\/bd_industria\/wp-content\/uploads\/2023\/07\/555@2x.png 275w, https:\/\/lealta.com.br\/landingpages\/bd_industria\/wp-content\/uploads\/2023\/07\/555@2x-150x150.png 150w, https:\/\/lealta.com.br\/landingpages\/bd_industria\/wp-content\/uploads\/2023\/07\/555@2x-100x100.png 100w\" sizes=\"auto, (max-width: 275px) 100vw, 275px\" \/>\t\t\t\t\t\t\t\t\t\t\t<\/div>\n\t\t\t\t\t<\/div>\n\n\t\t<div class=\"box-text text-center\" style=\"padding:0px 0px 0px 0px;\">\n\t\t\t<div class=\"box-text-inner\">\n\t\t\t\t\n<p style=\"text-align: left;\"><span style=\"font-size: 120%;\"><strong>Cada incubadora vem com quatro empilhadores de sa\u00edda<\/strong><\/span><\/p>\n<p style=\"text-align: left;\"><span style=\"font-size: 120%;\"><strong>Cada empilhador pode ser configurado para tarefas espec\u00edficas, como:<\/strong><\/span><\/p>\n<ol>\n<li style=\"text-align: left;\"><span style=\"font-size: 120%;\"><strong>Manuseio de res\u00edduos<\/strong><\/span><\/li>\n<li style=\"text-align: left;\"><span style=\"font-size: 120%;\"><strong>Acompanhamento dos trabalhos<\/strong><\/span><\/li>\n<li style=\"text-align: left;\"><span style=\"font-size: 120%;\"><strong>Incuba\u00e7\u00e3o externa<\/strong><\/span><\/li>\n<\/ol>\n\t\t\t<\/div>\n\t\t<\/div>\n\t<\/div>\n\t\n\t\t<\/div>\n\t\t\t\t\n<style>\n#col-470210309 > .col-inner {\n  padding: 20px 20px 20px 20px;\n  border-radius: 51px;\n}\n<\/style>\n\t<\/div>\n\n\t\n\n\t<div id=\"col-1412584373\" class=\"col medium-6 small-12 large-6\"  >\n\t\t\t\t<div class=\"col-inner box-shadow-2 box-shadow-3-hover\" style=\"background-color:rgb(237, 237, 237);\" >\n\t\t\t\n\t<div class=\"is-border\"\n\t\tstyle=\"border-color:rgb(0, 59, 255);border-radius:45px;border-width:4px 4px 4px 4px;\">\n\t<\/div>\n\t\t\t\n\t<div class=\"box has-hover   has-hover box-text-bottom\" >\n\n\t\t<div class=\"box-image\" style=\"width:50%;\">\n\t\t\t\t\t\t<div class=\"\" >\n\t\t\t\t<img loading=\"lazy\" decoding=\"async\" width=\"275\" height=\"275\" src=\"https:\/\/lealta.com.br\/landingpages\/bd_industria\/wp-content\/uploads\/2023\/07\/666@2x.png\" class=\"attachment- size-\" alt=\"\" srcset=\"https:\/\/lealta.com.br\/landingpages\/bd_industria\/wp-content\/uploads\/2023\/07\/666@2x.png 275w, https:\/\/lealta.com.br\/landingpages\/bd_industria\/wp-content\/uploads\/2023\/07\/666@2x-150x150.png 150w, https:\/\/lealta.com.br\/landingpages\/bd_industria\/wp-content\/uploads\/2023\/07\/666@2x-100x100.png 100w\" sizes=\"auto, (max-width: 275px) 100vw, 275px\" \/>\t\t\t\t\t\t\t\t\t\t\t<\/div>\n\t\t\t\t\t<\/div>\n\n\t\t<div class=\"box-text text-center\" >\n\t\t\t<div class=\"box-text-inner\">\n\t\t\t\t\n<p style=\"font-weight: 400; text-align: left;\"><span style=\"font-size: 120%;\"><strong>C\u00f3digo de barras para rastreabilidade total<\/strong><\/span><\/p>\n<p style=\"font-weight: 400; text-align: left;\"><span style=\"font-size: 120%;\"><strong>O protocolo de placas direcionar\u00e1:<\/strong><\/span><\/p>\n<ol style=\"text-align: left;\">\n<li style=\"font-weight: 400;\"><span style=\"font-size: 120%;\"><strong>Condi\u00e7\u00e3o de incuba\u00e7\u00e3o<\/strong><\/span><\/li>\n<li style=\"font-weight: 400;\"><span style=\"font-size: 120%;\"><strong>Dura\u00e7\u00e3o de incuba\u00e7\u00e3o<\/strong><\/span><\/li>\n<li style=\"font-weight: 400;\"><span style=\"font-size: 120%;\"><strong>Tempos de imagem<\/strong><\/span><\/li>\n<\/ol>\n\t\t\t<\/div>\n\t\t<\/div>\n\t<\/div>\n\t\n\t\t<\/div>\n\t\t\t\t\n<style>\n#col-1412584373 > .col-inner {\n  padding: 20px 20px 20px 20px;\n  border-radius: 51px;\n}\n<\/style>\n\t<\/div>\n\n\t\n\n\t<div id=\"col-1103045970\" class=\"col medium-6 small-12 large-6\"  >\n\t\t\t\t<div class=\"col-inner box-shadow-2 box-shadow-3-hover\" style=\"background-color:rgb(237, 237, 237);\" >\n\t\t\t\n\t<div class=\"is-border\"\n\t\tstyle=\"border-color:rgb(0, 59, 255);border-radius:45px;border-width:4px 4px 4px 4px;\">\n\t<\/div>\n\t\t\t\n\t<div class=\"box has-hover   has-hover box-text-bottom\" >\n\n\t\t<div class=\"box-image\" style=\"width:50%;\">\n\t\t\t\t\t\t<div class=\"\" >\n\t\t\t\t<img loading=\"lazy\" decoding=\"async\" width=\"275\" height=\"275\" src=\"https:\/\/lealta.com.br\/landingpages\/bd_industria\/wp-content\/uploads\/2023\/07\/777@2x.png\" class=\"attachment- size-\" alt=\"\" srcset=\"https:\/\/lealta.com.br\/landingpages\/bd_industria\/wp-content\/uploads\/2023\/07\/777@2x.png 275w, https:\/\/lealta.com.br\/landingpages\/bd_industria\/wp-content\/uploads\/2023\/07\/777@2x-150x150.png 150w, https:\/\/lealta.com.br\/landingpages\/bd_industria\/wp-content\/uploads\/2023\/07\/777@2x-100x100.png 100w\" sizes=\"auto, (max-width: 275px) 100vw, 275px\" \/>\t\t\t\t\t\t\t\t\t\t\t<\/div>\n\t\t\t\t\t<\/div>\n\n\t\t<div class=\"box-text text-center\" >\n\t\t\t<div class=\"box-text-inner\">\n\t\t\t\t\n<p style=\"font-weight: 400; text-align: left;\"><span style=\"font-size: 120%;\"><strong>Todas as placas s\u00e3o armazenadas individualmente e s\u00e3o facilmente acess\u00edveis\u00a0<\/strong><\/span><\/p>\n<ol style=\"text-align: left;\">\n<li><span style=\"font-size: 120%;\"><strong>Faixas dedicadas e de uso \u00fanico para entrada e sa\u00edda de placas e gera\u00e7\u00e3o de imagens para evitar gargalos<\/strong><\/span><\/li>\n<li><span style=\"font-size: 120%;\"><strong>Entrega r\u00e1pida de placas ou gera\u00e7\u00e3o de imagens mediante solicita\u00e7\u00e3o do usu\u00e1rio<\/strong><\/span><\/li>\n<\/ol>\n\t\t\t<\/div>\n\t\t<\/div>\n\t<\/div>\n\t\n\t\t<\/div>\n\t\t\t\t\n<style>\n#col-1103045970 > .col-inner {\n  padding: 20px 20px 20px 20px;\n  border-radius: 51px;\n}\n<\/style>\n\t<\/div>\n\n\t\n\n\t<div id=\"col-1398243437\" class=\"col medium-6 small-12 large-6\"  >\n\t\t\t\t<div class=\"col-inner box-shadow-2 box-shadow-3-hover\" style=\"background-color:rgb(237, 237, 237);\" >\n\t\t\t\n\t<div class=\"is-border\"\n\t\tstyle=\"border-color:rgb(0, 59, 255);border-radius:45px;border-width:4px 4px 4px 4px;\">\n\t<\/div>\n\t\t\t\n\t<div class=\"box has-hover   has-hover box-text-bottom\" >\n\n\t\t<div class=\"box-image\" style=\"width:50%;\">\n\t\t\t\t\t\t<div class=\"\" >\n\t\t\t\t<img loading=\"lazy\" decoding=\"async\" width=\"275\" height=\"275\" src=\"https:\/\/lealta.com.br\/landingpages\/bd_industria\/wp-content\/uploads\/2023\/07\/888@2x.png\" class=\"attachment- size-\" alt=\"\" srcset=\"https:\/\/lealta.com.br\/landingpages\/bd_industria\/wp-content\/uploads\/2023\/07\/888@2x.png 275w, https:\/\/lealta.com.br\/landingpages\/bd_industria\/wp-content\/uploads\/2023\/07\/888@2x-150x150.png 150w, https:\/\/lealta.com.br\/landingpages\/bd_industria\/wp-content\/uploads\/2023\/07\/888@2x-100x100.png 100w\" sizes=\"auto, (max-width: 275px) 100vw, 275px\" \/>\t\t\t\t\t\t\t\t\t\t\t<\/div>\n\t\t\t\t\t<\/div>\n\n\t\t<div class=\"box-text text-center\" >\n\t\t\t<div class=\"box-text-inner\">\n\t\t\t\t\n<ul>\n<li style=\"font-weight: 400; text-align: left;\"><strong><span style=\"font-size: 120%;\">A incuba\u00e7\u00e3o de porta fechada permite temperatura constante e n\u00edveis est\u00e1veis de O2 ou CO2<\/span><\/strong><\/li>\n<\/ul>\n<ul style=\"text-align: left;\">\n<li style=\"font-weight: 400;\"><strong><span style=\"font-size: 120%;\">Fluxo de ar laminar para ajudar a prevenir a <\/span><span style=\"font-size: 120%;\">desidrata\u00e7\u00e3o da placa<\/span><\/strong><\/li>\n<\/ul>\n<ul style=\"text-align: left;\">\n<li style=\"font-weight: 400;\"><strong><span style=\"font-size: 120%;\">Racks de placas remov\u00edveis para facilitar a limpeza<\/span><\/strong><\/li>\n<\/ul>\n\t\t\t<\/div>\n\t\t<\/div>\n\t<\/div>\n\t\n\t\t<\/div>\n\t\t\t\t\n<style>\n#col-1398243437 > .col-inner {\n  padding: 20px 20px 20px 20px;\n  border-radius: 51px;\n}\n<\/style>\n\t<\/div>\n\n\t\n\n\t<div id=\"col-587179344\" class=\"col medium-6 small-12 large-6\"  >\n\t\t\t\t<div class=\"col-inner box-shadow-2 box-shadow-3-hover\" style=\"background-color:rgb(237, 237, 237);\" >\n\t\t\t\n\t<div class=\"is-border\"\n\t\tstyle=\"border-color:rgb(0, 59, 255);border-radius:45px;border-width:4px 4px 4px 4px;\">\n\t<\/div>\n\t\t\t\n\t<div class=\"box has-hover   has-hover box-text-bottom\" >\n\n\t\t<div class=\"box-image\" style=\"width:50%;\">\n\t\t\t\t\t\t<div class=\"\" >\n\t\t\t\t<img loading=\"lazy\" decoding=\"async\" width=\"275\" height=\"275\" src=\"https:\/\/lealta.com.br\/landingpages\/bd_industria\/wp-content\/uploads\/2023\/07\/999@2x.png\" class=\"attachment- size-\" alt=\"\" srcset=\"https:\/\/lealta.com.br\/landingpages\/bd_industria\/wp-content\/uploads\/2023\/07\/999@2x.png 275w, https:\/\/lealta.com.br\/landingpages\/bd_industria\/wp-content\/uploads\/2023\/07\/999@2x-150x150.png 150w, https:\/\/lealta.com.br\/landingpages\/bd_industria\/wp-content\/uploads\/2023\/07\/999@2x-100x100.png 100w\" sizes=\"auto, (max-width: 275px) 100vw, 275px\" \/>\t\t\t\t\t\t\t\t\t\t\t<\/div>\n\t\t\t\t\t<\/div>\n\n\t\t<div class=\"box-text text-center\" >\n\t\t\t<div class=\"box-text-inner\">\n\t\t\t\t\n<ul>\n<li style=\"font-weight: 400; text-align: left;\"><span style=\"font-size: 120%;\"><strong>Seguran\u00e7a do usu\u00e1rio atrav\u00e9s da incuba\u00e7\u00e3o e transporte com tampa fechada<\/strong><\/span><\/li>\n<\/ul>\n<ul style=\"text-align: left;\">\n<li style=\"font-weight: 400;\"><span style=\"font-size: 120%;\"><strong>\u00c1rea da c\u00e2mera com filtro HEPA para reduzir o risco de contamina\u00e7\u00e3o (cruzada)<\/strong><\/span><\/li>\n<\/ul>\n<ul>\n<li style=\"font-weight: 400; text-align: left;\"><span style=\"font-size: 120%;\"><strong>Imagens de alto rendimento (at\u00e9 300 placas por hora)<\/strong><\/span><\/li>\n<\/ul>\n\t\t\t<\/div>\n\t\t<\/div>\n\t<\/div>\n\t\n\t\t<\/div>\n\t\t\t\t\n<style>\n#col-587179344 > .col-inner {\n  padding: 20px 20px 20px 20px;\n  border-radius: 51px;\n}\n<\/style>\n\t<\/div>\n\n\t\n<\/div>\n<div class=\"row align-middle\"  id=\"row-737489367\">\n\n\t<div id=\"col-1217918178\" class=\"col small-12 large-12\"  >\n\t\t\t\t<div class=\"col-inner\"  >\n\t\t\t\n\t\t\t\n\t<div id=\"gap-1759084494\" class=\"gap-element clearfix\" style=\"display:block; height:auto;\">\n\t\t\n<style>\n#gap-1759084494 {\n  padding-top: 49px;\n}\n<\/style>\n\t<\/div>\n\t\n<h1 style=\"text-align: left;\"><strong><span style=\"font-size: 130%;\">Combine desempenho de alta velocidade e aquisi\u00e7\u00e3o de imagem padronizada para permitir o diagn\u00f3stico por imagem<\/span><\/strong><\/h1>\n\t\t<\/div>\n\t\t\t\t\t<\/div>\n\n\t\n\n\t<div id=\"col-1287986571\" class=\"col medium-6 small-12 large-6\"  >\n\t\t\t\t<div class=\"col-inner\" style=\"background-color:rgba(255, 255, 255, 0);\" >\n\t\t\t\n\t\t\t\n\t<div class=\"box has-hover   has-hover box-text-bottom\" >\n\n\t\t<div class=\"box-image\" style=\"width:50%;\">\n\t\t\t\t\t\t<div class=\"\" >\n\t\t\t\t<img loading=\"lazy\" decoding=\"async\" width=\"228\" height=\"227\" src=\"https:\/\/lealta.com.br\/landingpages\/bd_industria\/wp-content\/uploads\/2023\/07\/111@2x.png\" class=\"attachment- size-\" alt=\"\" srcset=\"https:\/\/lealta.com.br\/landingpages\/bd_industria\/wp-content\/uploads\/2023\/07\/111@2x.png 228w, https:\/\/lealta.com.br\/landingpages\/bd_industria\/wp-content\/uploads\/2023\/07\/111@2x-150x150.png 150w, https:\/\/lealta.com.br\/landingpages\/bd_industria\/wp-content\/uploads\/2023\/07\/111@2x-100x100.png 100w\" sizes=\"auto, (max-width: 228px) 100vw, 228px\" \/>\t\t\t\t\t\t\t\t\t\t\t<\/div>\n\t\t\t\t\t<\/div>\n\n\t\t<div class=\"box-text text-center\" >\n\t\t\t<div class=\"box-text-inner\">\n\t\t\t\t\n\t\t\t<\/div>\n\t\t<\/div>\n\t<\/div>\n\t\n\t\t<\/div>\n\t\t\t\t\t<\/div>\n\n\t\n\n\t<div id=\"col-409873819\" class=\"col medium-6 small-12 large-6\"  >\n\t\t\t\t<div class=\"col-inner\" style=\"background-color:rgba(255, 255, 255, 0);\" >\n\t\t\t\n\t\t\t\n<p style=\"font-weight: 400; text-align: left;\"><span style=\"font-size: 130%;\"><strong>Veja detalhes invis\u00edveis ao olho humano BD Kiestra\u2122 ReadA<\/strong> cont\u00e9m \u00a0uma c\u00e2mera de 25 \u00a0megapixels com lente telec\u00eantrica e garante que as placas sejam orientadas para a consist\u00eancia das imagens ao longo do tempo.<\/span><\/p>\n\t\t<\/div>\n\t\t\t\t\t<\/div>\n\n\t\n\n\t<div id=\"col-1308414495\" class=\"col medium-6 small-12 large-6\"  >\n\t\t\t\t<div class=\"col-inner\"  >\n\t\t\t\n\t\t\t\n\t<div class=\"box has-hover   has-hover box-text-bottom\" >\n\n\t\t<div class=\"box-image\" style=\"width:37%;\">\n\t\t\t\t\t\t<div class=\"\" >\n\t\t\t\t<img loading=\"lazy\" decoding=\"async\" width=\"135\" height=\"279\" src=\"https:\/\/lealta.com.br\/landingpages\/bd_industria\/wp-content\/uploads\/2023\/07\/222@2x.png\" class=\"attachment-original size-original\" alt=\"\" \/>\t\t\t\t\t\t\t\t\t\t\t<\/div>\n\t\t\t\t\t<\/div>\n\n\t\t<div class=\"box-text text-center\" >\n\t\t\t<div class=\"box-text-inner\">\n\t\t\t\t\n\t\t\t<\/div>\n\t\t<\/div>\n\t<\/div>\n\t\n\t\t<\/div>\n\t\t\t\t\n<style>\n#col-1308414495 > .col-inner {\n  padding: 20px 20px 20px 20px;\n}\n<\/style>\n\t<\/div>\n\n\t\n\n\t<div id=\"col-1689220604\" class=\"col medium-6 small-12 large-6\"  >\n\t\t\t\t<div class=\"col-inner\"  >\n\t\t\t\n\t\t\t\n<p style=\"font-weight: 400; text-align: left;\"><span style=\"font-size: 130%;\"><strong>Veja detalhes invis\u00edveis ao olho humano BD Kiestra\u2122 <\/strong>com tecnologia Optis adquire at\u00e9 22 imagens de cada placa e determina o valor ideal para cada pixel usando tr\u00eas fontes de luz: superior, inferior e lateral.<\/span><\/p>\n\t\t<\/div>\n\t\t\t\t\t<\/div>\n\n\t\n<\/div>\n<div class=\"row\"  id=\"row-1922778183\">\n\n\t<div id=\"col-1086241588\" class=\"col small-12 large-12\"  >\n\t\t\t\t<div class=\"col-inner\"  >\n\t\t\t\n\t\t\t\n\t<div class=\"img has-hover x md-x lg-x y md-y lg-y\" id=\"image_978171324\">\n\t\t\t\t\t\t\t\t<div class=\"img-inner dark\" >\n\t\t\t<img loading=\"lazy\" decoding=\"async\" width=\"817\" height=\"152\" src=\"https:\/\/lealta.com.br\/landingpages\/bd_industria\/wp-content\/uploads\/2023\/07\/2@2x.png\" class=\"attachment-original size-original\" alt=\"\" srcset=\"https:\/\/lealta.com.br\/landingpages\/bd_industria\/wp-content\/uploads\/2023\/07\/2@2x.png 817w, https:\/\/lealta.com.br\/landingpages\/bd_industria\/wp-content\/uploads\/2023\/07\/2@2x-300x56.png 300w, https:\/\/lealta.com.br\/landingpages\/bd_industria\/wp-content\/uploads\/2023\/07\/2@2x-768x143.png 768w, https:\/\/lealta.com.br\/landingpages\/bd_industria\/wp-content\/uploads\/2023\/07\/2@2x-600x112.png 600w\" sizes=\"auto, (max-width: 817px) 100vw, 817px\" \/>\t\t\t\t\t\t\n\t\t\t\t\t<\/div>\n\t\t\t\t\t\t\t\t\n<style>\n#image_978171324 {\n  width: 100%;\n}\n<\/style>\n\t<\/div>\n\t\n\t\t<\/div>\n\t\t\t\t\t<\/div>\n\n\t\n<\/div>\n","protected":false},"excerpt":{"rendered":"<h3><span style=\"font-size: 130%;\"><strong>Padroniza\u00e7\u00e3o da incuba\u00e7\u00e3o, da imagem e da interpreta\u00e7\u00e3o dos resultados<\/strong><\/span><\/h3>\n<p><span style=\"font-size: 130%;\">Incuba\u00e7\u00e3o a portas fechadas com gera\u00e7\u00e3o de imagens de alto rendimento, fornecendo resultados precisos e seguros.<\/span><\/p>\n","protected":false},"featured_media":1320,"comment_status":"closed","ping_status":"closed","template":"","meta":{"inline_featured_image":false},"product_brand":[],"product_cat":[25],"product_tag":[],"class_list":{"0":"post-1342","1":"product","2":"type-product","3":"status-publish","4":"has-post-thumbnail","6":"product_cat-portfolio","8":"first","9":"instock","10":"shipping-taxable","11":"product-type-simple"},"_links":{"self":[{"href":"https:\/\/lealta.com.br\/landingpages\/bd_industria\/wp-json\/wp\/v2\/product\/1342","targetHints":{"allow":["GET"]}}],"collection":[{"href":"https:\/\/lealta.com.br\/landingpages\/bd_industria\/wp-json\/wp\/v2\/product"}],"about":[{"href":"https:\/\/lealta.com.br\/landingpages\/bd_industria\/wp-json\/wp\/v2\/types\/product"}],"replies":[{"embeddable":true,"href":"https:\/\/lealta.com.br\/landingpages\/bd_industria\/wp-json\/wp\/v2\/comments?post=1342"}],"wp:featuredmedia":[{"embeddable":true,"href":"https:\/\/lealta.com.br\/landingpages\/bd_industria\/wp-json\/wp\/v2\/media\/1320"}],"wp:attachment":[{"href":"https:\/\/lealta.com.br\/landingpages\/bd_industria\/wp-json\/wp\/v2\/media?parent=1342"}],"wp:term":[{"taxonomy":"product_brand","embeddable":true,"href":"https:\/\/lealta.com.br\/landingpages\/bd_industria\/wp-json\/wp\/v2\/product_brand?post=1342"},{"taxonomy":"product_cat","embeddable":true,"href":"https:\/\/lealta.com.br\/landingpages\/bd_industria\/wp-json\/wp\/v2\/product_cat?post=1342"},{"taxonomy":"product_tag","embeddable":true,"href":"https:\/\/lealta.com.br\/landingpages\/bd_industria\/wp-json\/wp\/v2\/product_tag?post=1342"}],"curies":[{"name":"wp","href":"https:\/\/api.w.org\/{rel}","templated":true}]}}